. Suppose 0 = -3*a - 2*a + 525. Let d be ((-4)/(-10))/((-7)/a). What is r(d)?
-8
Let y(l) be the third derivative of 0*l + 1/12*l**4 + 0 - l**2 - 1/60*l**5 + 4/3*l**3. Let v(f) be the first derivative of y(f). Determine v(-3).
8
Suppose -5*t + 6*t = -5. Let p be -1 + 2 - (t + 1). Let h(j) = j + p*j**2 - 4*j**2 + 0*j. Calculate h(3).
12
Let u be 0 - (-12)/(9/(-3)). Let v(x) be the second derivative of x**5/60 + x**4/8 - x**3/6 + 2*x. Let k(l) be the second derivative of v(l). Give k(u).
-5
Let t = -5 + 8. Let f(s) = -6*s + 5. Let g(k) = -5*k + 6. Let m(p) = -2*f(p) + 3*g(p). Let l(j) = 8*j - 23. Let n(y) = 6*l(y) + 17*m(y). Calculate n(t).
-11
Let f(i) be the first derivative of i**4/2 + 5*i**3/3 + 7*i**2/2 - 7*i + 11. Let s(g) = -g**3 - g**2 - g + 1. Let r(a) = -f(a) - 3*s(a). Give r(3).
1
Let l(y) = y - 1. Let j(o) = -o**3 - o**2 - o + 2. Suppose 0 = 3*u - 9*u. Let t be j(u). What is l(t)?
1
Let i be 2/6 + 56/12. Let r(x) = 0 - 4*x + 5*x + 3 - 1 - 1. Calculate r(i).
6
Let y(b) = 4*b**2 + 3*b - 3. Suppose 0 = 8*h - 12 + 4. Calculate y(h).
4
Let q(i) = i**2 + 10*i + 4. Suppose 4*f - 2*p = -26, 15 = 8*f - 10*f - p. Calculate q(f).
-17
Let x(y) be the second derivative of -1/2*y**2 + 1/6*y**3 - 23*y + 0. Calculate x(-2).
-3
Let w(g) = -7*g**2 + 10*g + 1. Let c be w(2). Let s(n) be the first derivative of -2 - 4*n - 1/2*n**2. Calculate s(c).
3
Let k = -1387 + 1381. Let w(g) = 6*g + 43. Determine w(k).
7
Suppose 5*j - 2*v + 14 = -5, 4*j + v = -10. Suppose -4*p - 6 + 26 = 0. Let f(h) = -2 + 4*h + 0*h - p*h + 1. Determine f(j).
2
Let r(l) be the third derivative of l**7/2520 - l**6/720 + 2*l**5/15 + l**2 + 23. Let i(g) be the third derivative of r(g). Calculate i(1).
1
Let i(v) = 2*v**2 - 2*v. Let b(m) = 3*m**2 - 5*m + 1. Suppose -4*t = -2*s + 6, 0 = s - 5*s + 4*t + 16. Let y(h) = s*i(h) - 3*b(h). Give y(-6).
3
Let c(r) = 3*r - 1. Let g(s) = 2*s - 1. Let j(x) = 5*c(x) - 7*g(x). Suppose 0 = -5*d + 2*d + 4*y + 8, 2*d + 5*y - 13 = 0. Suppose -d*k = -7*k + 6. Give j(k).
4
Let i(z) be the first derivative of -z**2/2 + 4*z - 87. Give i(4).
0
Suppose -5*p = -2*p + q - 4, 4*p - 6 = -q. Let c(s) = -4 + p*s + 4 - 1 + 4. Calculate c(-4).
-5
Let k(n) = -n**2 - 3*n - 5. Suppose -6*v + 4*v - 2*t - 10 = 0, 0 = -2*v + 5*t + 4. Let j be k(v). Let y(w) = w**3 + 4*w**2 - 7*w. What is y(j)?
10
Let o(m) be the third derivative of m**8/20160 - m**7/1680 - 3*m**5/10 + 15*m**2. Let h(n) be the third derivative of o(n). Determine h(3).
0
Let h(v) = -61*v**3 + 3*v + 62*v**3 - 5*v - 1 - 3*v**2. Calculate h(4).
7
Let s(p) = -9*p + 220. Let l be s(24). Let k(g) = g**3 - 4*g**2 + 4*g - 5. Determine k(l).
11
Let s be ((-4)/(-12))/(-1 - (-14)/12). Let a(t) = -t**s + 8*t + 7 - 2 + 1 - 2. Give a(6).
16
Let a(g) = 5*g**2 - 23*g - 11. Let y(c) = 11*c**2 - 52*c - 23. Let k(r) = 9*a(r) - 4*y(r). Determine k(-3).
-1
Let i(s) = -s**3 + s**2 - s + 1. Let l(p) = p**3 - 3*p**2 + 2*p - 22. Let h be l(4). Suppose -3*c = 3*n - 5*c - 11, -3*n - h*c = 5. What is i(n)?
0
Let g(s) = 7*s + 2*s - 1 + 2 + s**2 + 2. Determine g(-7).
-11
Let l(d) = -3*d**2 + 17*d - 9. Suppose -16*c = 84 + 28. Let a(x) = -x**2 + 6*x - 3. Let n be (-15)/(-6) - (-1)/(-2). Let q(y) = c*a(y) + n*l(y). Give q(5).
-12
Let q(v) = -6*v. Let x be 8/10 + (-13)/((-130)/192). Suppose 5*a + 15 - x = 0. Determine q(a).
-6
Suppose -3*b = 3 - 18. Let g(j) be the first derivative of -j**2/2 - 4*j + 822. What is g(b)?
-9
Let w(v) = 2*v**2 - 3*v - v**2 + 205 - 197. Determine w(5).
18
Let u(y) be the second derivative of y**4/12 - 11*y**2 - 2*y + 13. What is u(0)?
-22
Let o(v) = -3*v + 7. Let m be o(10). Let b = m - -38. Let a(f) = 4 + 5*f - b - 4*f - 1. Determine a(6).
-6
Let v(y) = -3*y - 5. Let p(s) = s + 5. Let m(u) = 5*p(u) + 4*v(u). Determine m(5).
-30
Let a(i) = -23*i**3 - 2*i**2 - 2*i - 1. Suppose 0 = 25*s - 0*s + 25. Calculate a(s).
22
Let a = -14 + 17. Let t = a + -3. Let q(g) = -g - 6. Calculate q(t).
-6
Let j(m) = -597*m**2 - 592*m**2 + 17*m - 47 + 1188*m**2. Determine j(14).
-5
Let h(w) = 2*w + 20. Let x = -2777 + 2764. Calculate h(x).
-6
Let h = -6 + 5. Let v(t) = 8*t**2 - t - 1. Let d be v(h). Let l be 57/(-12) + 6/d. Let w(j) = j**2 + 4*j + 4. Give w(l).
4
Let j(h) = -4*h**3 + 13*h**2 - 3*h + 4. Let q(p) = -2*p**3 + 8*p**2 - 2*p + 2. Let o(m) = 4*j(m) - 7*q(m). Calculate o(-3).
14
Let h(w) = w**2 - 11*w + 10. Let f(t) = 7*t**2 + 3*t. Let l be f(2). Let g = l - 26. Give h(g).
-14
Let h(r) = r**2 - 6*r + 8. Let p be h(7). Suppose -3*g = -a - 0*a + p, -20 = 5*g. Let w(t) = -2*t + 3. Calculate w(a).
-3
Let v(j) = 4. Let h(z) be the second derivative of -6*z + 0 + 1/6*z**3 - 3/2*z**2. Let d(t) = 3*h(t) + 2*v(t). Calculate d(-1).
-4
Let u(x) = -3*x**2 - 3*x**2 + x**3 + 173 - 174. Determine u(5).
-26
Let m = -372 - -372. Let k(h) = h + 10. Let w(r) = -r. Let b = 2 + -1. Let a(c) = b*k(c) + 2*w(c). What is a(m)?
10
Suppose 0*f - 12 = 4*f. Let q(u) be the first derivative of -u**4/4 - u**3/3 + 3*u**2/2 - 3*u - 47. Determine q(f).
6
Suppose -4*q = 5*n + 42 - 70, -21 = -3*q + 3*n. Let s(d) = 6*d - 35. Calculate s(q).
7
Let f = 4 + -3. Let n(j) = j - 1. Let l(p) = 0*p + 3 + p**2 + 2*p**3 + 0*p**3 - p**3 - 3*p. Let x(s) = -l(s) - 2*n(s). Determine x(f).
-2
Let d(v) = v**3 + 5*v**2 + v + 3. Let f be d(-4). Suppose 30*u + f = 33*u. Let s(l) = -l**3 + 5*l**2 - l + 1. What is s(u)?
-4
Let v(z) = -z - 6. Suppose -74*x + 10 = -79*x. Let i be 8/(-1 + x/4*-4). Calculate v(i).
-14
Let c(l) = 23921 + l + l - 23924. Determine c(7).
11
Suppose -4*j + 62 = -2*c, 0 = -2*j + 5*c - 7 + 26. Let r = j + -39. Let m = r - -22. Let s(l) = -l + 4. Give s(m).
4
Let i(t) = 3*t + 8. Let w be 8/6*63/42. Let r(s) = -w*s - s - s - 8. Let a(z) = 3*i(z) + 2*r(z). Give a(0).
8
Suppose -2*z - 11 = -4*z - 3*i, 2*z - 3*i + 19 = 0. Let f(m) = -m - 1. Let n(p) = -10*p - 5. Let v(g) = -3*f(g) + n(g). Give v(z).
12
Let u be -4 + 4 - (21 - 18). Let j(i) = -2*i - 12. Determine j(u).
-6
Let i(d) = 2 + d**2 + 3 - 2*d**2 + 5*d. Let h = 74 - 69. Calculate i(h).
5
Let l(b) = -4*b + 6. Let p = -119 + 123. Determine l(p).
-10
Let b(d) be the second derivative of -d**4/4 - d**3 + 2*d**2 - 18*d. Let u(t) = -7*t**2 - 11*t + 9. Let w(i) = 9*b(i) - 4*u(i). Calculate w(7).
-21
Let z = 1 + -1. Suppose z = t - 7. Let a(y) be the third derivative of -y**5/60 + 5*y**4/24 + 7*y**3/6 + 23*y**2 + y. What is a(t)?
-7
Let h = -11 - -77. Let o(j) = 67*j**2 - h*j**2 - 1 + 4 + 2*j. What is o(-3)?
6
Suppose 0 = y - 1. Let o(j) = 3*j**2 + y + 0 + j - 4*j**2. Let f be 0/(12/18 + 16/(-6)). Determine o(f).
1
Let x be (-2)/6 - 8/(-24). Let n be 50*((-2)/(-4) + x). Suppose n = 5*v - 0*v. Let f(y) = -y + 4. Give f(v).
-1
Let s(x) = -x + 10. Let w = -10 + 13. Suppose 3*z - 13 = -t, -w*z + 9 = -3. Let g be (-3 - -2) + t - 0. Calculate s(g).
10
Suppose -2*v + 7*v + 19 = -4*t, v + 11 = t. Let a = v - -1. Let b(m) = 2*m - 4*m + 70 - 34 - 42. Give b(a).
6
Suppose 3*f + 9 = 0, 6*m + 2*f - 150 = 2*m. Let t = m - 20. Let p(z) = -t*z - 2 + 6*z + 1 + 2. Give p(1).
-12
Let s(c) = -4*c**3 - c**2 - 4*c - 19. Let o(x) = 3*x**3 + x**2 + 4*x + 16. Let y(l) = 5*o(l) + 4*s(l). Determine y(-2).
8
Let j(d) = 2*d**2 + 5*d + 4. Let h = -331 - -329. Give j(h).
2
Let q(x) = -4*x**3 - x**2. Let v(s) = -s**2 - 3*s - 1. Suppose 0*t - 32 = -4*t. Let m = t - 11. Let r be v(m). Calculate q(r).
3
Let j(r) = 8*r**2 + 17*r**2 - 12*r**2 - r**3 - 2. Give j(13).
-2
Let r(d) be the first derivative of -d**4/4 + d**3 + 11*d**2/2 + 8*d + 189. Calculate r(6).
-34
Let n(a) = 2*a**2 + a. Let l(o) = 7*o**2 + 6*o - 13. Let m(v) = l(v) - 3*n(v). What is m(-6)?
5
Let a(k) = 7*k**2 + k + 1. Suppose 4*n = 2*h + 11 + 11, 5*n = -h + 24. Calculate a(h).
7
Let n(j) = j + 14. Let c be n(-10). Suppose -4*v = c*m + 8, 3*v - 2*m = 1 + 3. Suppose v = 3*l - 2*l. Let d(g) = -g**2 + g + 4. What is d(l)?
4
Let o(b) = -2*b**3 - b**2 + 1. Suppose 0 = -2*d - 42 - 2. Let m = 23 + d. Suppose -m = -j, 2*c - j - j + 4 = 0. Calculate o(c).
2
Let z = -34 + 49. Let b = -15 + z. Let r(g) = 0 + 4 - 4*g - 1 - g**2 + b. Determine r(2).
-9
Let v(j) = -5*j - 2. Let u(r) = -4*r - 2. Let t(d) = 6*u(d) - 5*v(d). Suppose -173 + 178 = l. Suppose 4*g - l*i + 4 = 0, -3*i = -i + 8. Determine t(g).
-8
Let n(g) = -7*g**2 + 3*g + 10. Let b(y) = 9*y**2 - y - 9. Let d(h) = 3*b(h) + 4*n(h). What